 Let x be r(8). Let s be (x/12 + -3)*51. Suppose 204 = i + i. Calculate the highest common divisor of s and i.
17
Let r(k) = 2*k + 2. Let j be r(2). Let d be (3 - 69/15)/(4/(-90)). What is the greatest common divisor of j and d?
6
Let i = 2937 - 2811. Calculate the greatest common factor of i and 1008.
126
Let l = -4 + -5. Let t = 19 + l. Calculate the highest common factor of t and 20.
10
Let k(o) = 3*o**2 - o + 2. Let f be k(1). Suppose 0 = -4*r - 3*j + j + 52, 0 = f*r + j - 54. Calculate the highest common divisor of r and 126.
14
Let c(b) be the second derivative of b**5/20 - b**4/12 - 3*b**3/2 - 7*b**2/2 - 8*b. Let q be c(5). Calculate the greatest common factor of q and 36.
12
Suppose 4*z - 3*z - 1 = 0. Let u be (-90 - -12)*z/(-1). What is the greatest common factor of u and 6?
6
Suppose -6*c - 18 + 42 = 0. Calculate the greatest common factor of 32 and c.
4
Let b = 170 + 39. Calculate the greatest common divisor of b and 19.
19
Let z = 161 + -134. Let v be (-5 - -3 - -3) + 1. Let p be ((-27)/(-2))/(v/12). What is the highest common divisor of p and z?
27
Let p be (612/8*-2)/(1/(-2)). Let g be p/15 + 4/(-10). Calculate the greatest common factor of 220 and g.
20
Let c be 27/12*-1*8. Let v be 4/16*(-5 + 1) - c. Calculate the highest common factor of 17 and v.
17
Let v be ((-16)/(-3))/((-6)/(-81)). Let m be ((-3 - -2) + -19)/(-1). Suppose k = -4*k - m, k = -t + 8. What is the highest common divisor of v and t?
12
Suppose 0 = 152*v - 166*v + 672. Calculate the highest common factor of v and 816.
48
Let h(p) = -149*p + 763. Let i be h(5). What is the highest common factor of i and 174?
6
Let x(v) = 7*v - 8 + 10 + 5. Let c be x(6). Calculate the highest common divisor of c and 7.
7
Suppose 0 = a - 73 + 22. Let z be ((-34)/(-8))/((-11)/(-44)) + 2. Let t = z - 2. Calculate the greatest common divisor of a and t.
17
Let u(o) = 16 - 7*o - 6 + 7 + o**2. Let a be u(-7). Let m = 112 - 66. Calculate the greatest common divisor of m and a.
23
Let a(i) = -73*i + 386. Let t be a(5). What is the highest common divisor of 1575 and t?
21
Suppose -f + 18 = -123. What is the highest common divisor of 47 and f?
47
Let c(i) = -i**3 + 9*i**2 + 58*i + 13. Let n be c(13). What is the highest common factor of 156 and n?
13
Let l = 6 - 5. Let j(z) = 394*z. Let c be j(l). Suppose 4*y - 986 = -5*s, -3*s - 2*y + c = -s. Calculate the greatest common divisor of 22 and s.
22
Let x = -59 + 124. Let o(w) = 25*w**3 + w. Let s(y) = -y**3 + 8*y**2 + 8*y + 10. Let m be s(9). Let h be o(m). Calculate the highest common divisor of h and x.
13
Suppose 0 = 2*m - 0 - 8. Suppose -m*p + 59 + 85 = 0. What is the highest common divisor of 4 and p?
4
Let w(z) = -z. Let v(d) = -6*d - 1. Let m(f) = 3*v(f) + 3*w(f). Let k be m(-2). Let l = k + -24. What is the highest common factor of 45 and l?
15
Let l be (-4)/(-14) + (-15964)/(-182). Suppose 28 = 4*z - 4*p, -5*z + p = 4*p - 67. Calculate the greatest common factor of l and z.
11
Suppose 3*w = -5*c - 1 - 11, w + 3*c + 8 = 0. Suppose 263*u + 18 = 272*u. What is the highest common divisor of w and u?
1
Let u(c) = -c - 9. Let j be u(-5). Let l = j + 14. Suppose 0 = -5*i + 112 - 37. Calculate the highest common divisor of i and l.
5
Suppose g + 167 = -4*t - 0*g, -3*t = -3*g + 129. Let y be t/(-4)*(-36)/(-21). Let a = 117 - 90. What is the highest common divisor of y and a?
9
Let y(o) = o**2. Let g(r) = r**2 + 16*r - 8. Let z(d) = -g(d) + 2*y(d). Let b be z(8). Let h = -8 - b. Calculate the highest common divisor of 6 and h.
6
Let p be (8/10 - 0)/((-32)/(-2080)). What is the highest common divisor of p and 1352?
52
Let f be (-10 + 4 + -5)*(-1 + -22). What is the greatest common divisor of f and 11?
11
Let m be (-22)/(9 - 20) - (0 - 27). What is the highest common factor of 232 and m?
29
Let q = 188 + -95. What is the highest common factor of q and 1860?
93
Let u = -26 - -22. Let a be 2 + 1 - 1 - u. Calculate the greatest common divisor of a and 54.
6
Let z be 2/(-3) + 377/3. Let r = -94 + z. Calculate the greatest common divisor of r and 217.
31
Let b(d) = -d**2 + 10*d - 10. Let s(u) = u**2 + 2. Let h be s(-2). Let f be b(h). Calculate the greatest common divisor of 49 and f.
7
Let f(h) = 50*h + 4. Let t be f(1). Suppose -t = -3*i - 3*u + 21, 4*u + 44 = 2*i. What is the greatest common factor of 40 and i?
8
Let s(l) = -2*l**3 + 21*l**2 + 27*l - 16. Let v be s(11). Calculate the highest common factor of 128 and v.
32
Suppose -9*d - 3240 = -21*d. Suppose 2*x = 5*k + 390 + 161, -3*k + d = x. What is the greatest common divisor of 39 and x?
39
Suppose -610 = -15*y - 115. Suppose -5*m + h + 1814 = 0, -2*h + 5 = 3*h. What is the highest common factor of m and y?
33
Suppose -358 = -5*t - 4*j, t = -t - 4*j + 148. Suppose 0*b = 2*b - 8, -2*b - 62 = -5*q. Calculate the greatest common divisor of t and q.
14
Let j = 59 - 27. Calculate the greatest common divisor of j and 64.
32
Let z(g) = -g**3 + 5*g**2 + 5*g + 5. Let c be z(6). Let u = -12 + -1. Let r be u*(-2 - c) + -2. What is the greatest common divisor of 11 and r?
11
Suppose 7*u + 35 = 12*u. Suppose c + 39 = 4*d, d = 4*c - u*c. Let r be 794/8 - 1/4. What is the highest common divisor of r and d?
9
Let b = -1095 - -1111. Calculate the greatest common factor of b and 24.
8
Let l be 12/(-28) - 261/(-21). Let c be (l - 8) + -1 + -3. Suppose c = -n + 4*u + 12, -4*n + 2*u + 92 = -3*u. Calculate the highest common factor of n and 42.
14
Let t be (3 + -4 - -3)/(2/12). Let y be (9/t)/(3/36). What is the greatest common divisor of 9 and y?
9
Let m be 2/(-9) - 11/((-198)/112). Calculate the highest common factor of 27 and m.
3
Let y(c) = -c. Let b be y(-2). Let q = 2207 - 2197. What is the greatest common divisor of b and q?
2
Suppose 15*s - 394 = 12*s - 2*j, 3*s + j = 395. Calculate the greatest common factor of 572 and s.
44
Let w = -43 + 49. Suppose 0*h + w*h - 18 = 0. What is the greatest common divisor of 48 and h?
3
Let k = 2 + 0. Let c(h) = -4*h - 143*h**2 + h + 147*h**2. Let m be c(k). What is the greatest common factor of 25 and m?
5
Let o(k) = -2*k**2 - 17*k - 3. Let s be o(-8). Suppose -3*u + 55 + s = 2*y, 0 = -2*u + 5*y + 21. What is the highest common factor of 45 and u?
9
Suppose -n = -3*n + 348. Let i be n*(12/9 - 1). Let m = -142 + 229. What is the highest common factor of i and m?
29
Suppose 94*u - 80*u = 17458. Calculate the greatest common divisor of u and 43.
43
Let x = -1240 + 1294. Calculate the highest common factor of 513 and x.
27
Suppose 5*y - 8*y + 13 = g, 0 = g + 2. What is the highest common divisor of 15 and y?
5
Let z be (-7 - -7) + 74/2. Suppose -4*d = c - 1054 - 133, -2*c = 5*d - 1486. What is the highest common factor of z and d?
37
Suppose -76*u + 56*u + 560 = 0. Calculate the highest common divisor of 679 and u.
7
Let c be 0/((3 - 4) + 3) + 6. Let p be 14/(-42) - ((-44)/c + -1). What is the greatest common factor of 8 and p?
8
Let v be -4*(-1254)/18*6/4. Calculate the greatest common divisor of 22 and v.
22
Let p = -56 - -58. Suppose -4*l - 42 = -3*i + i, 0 = -4*i + p*l + 102. What is the highest common factor of i and 27?
27
Suppose 15 + 0 = 5*h. Suppose -g - 14 = -h*g. Suppose -u = 3*s + g, s = 2*u + 5*s + 4. Calculate the highest common factor of u and 64.
8
Suppose -3*l + 41 = s, 4*l - 50*s - 52 = -54*s. Calculate the greatest common divisor of l and 854.
14
Suppose 429 = -0*f + 3*f. Let w = 221 + -146. Let z = -62 + w. What is the greatest common factor of z and f?
13
Suppose 3*o - 48 = -15. Suppose 8*y = o*y + 726. Let l = 342 + y. What is the highest common factor of 40 and l?
20
Let h = 1192 + -1191. Suppose 8 = -4*j, j + 18 = 4*o - 0*o. What is the highest common factor of o and h?
1
Let k(x) = -16 - 5 + 5*x + 4*x - 1. Let m be k(11). Calculate the highest common divisor of 11 and m.
11
Suppose 2*w + 3*b = 5*w - 738, -5*b = w - 240. Suppose 0 = -4*s - 5*h + 320, -3*s - 4*h = h - w. What is the highest common factor of 30 and s?
15
Suppose t - 2*g = 15, -t + 4*g = -17 + 4. Let m(b) = 9*b**3 + 5*b - 3. Let q be m(3). What is the highest common factor of q and t?
17
Let b = 224 + -192. What is the highest common divisor of b and 16?
16
Let u = 244 + -114. Suppose 2*a + 18 = 11*a. Let z be (156/(-6))/(0 - 2/a). Calculate the highest common divisor of u and z.
26
